and 948077.
3029
Calculate the greatest common factor of 16585710 and 70781.
1913
What is the greatest common divisor of 98190604 and 1252?
1252
What is the highest common factor of 3912657 and 21?
21
Calculate the greatest common divisor of 7 and 39431399.
7
Calculate the highest common divisor of 184192 and 33738794.
2878
Calculate the greatest common divisor of 7964 and 6652492.
44
Calculate the greatest common divisor of 2286 and 30366.
18
Calculate the greatest common factor of 17782 and 2011372.
34
What is the highest common divisor of 419929512 and 5568?
696
Calculate the greatest common factor of 7907644 and 248.
4
What is the highest common divisor of 69348384 and 504?
504
Calculate the greatest common divisor of 1972 and 1673167064.
1972
What is the highest common divisor of 6996 and 94044?
12
What is the greatest common divisor of 11634439 and 139?
139
What is the greatest common divisor of 273 and 85943481?
39
What is the highest common divisor of 328468 and 4256?
28
What is the highest common divisor of 728 and 4155256?
56
Calculate the greatest common divisor of 13660955 and 301735.
1295
Calculate the highest common factor of 19818880 and 24.
8
What is the highest common factor of 67310 and 84360?
10
Calculate the greatest common divisor of 49048570 and 510.
170
Calculate the highest common factor of 1815569 and 452844.
4193
What is the highest common divisor of 630354 and 18538?
62
What is the highest common divisor of 4484 and 630946?
118
What is the highest common factor of 13212 and 1009404?
36
Calculate the greatest common factor of 9765 and 8390655.
315
What is the greatest common factor of 2385 and 71080155?
2385
Calculate the greatest common divisor of 7040 and 39535360.
640
Calculate the highest common divisor of 11918560 and 2771.
163
What is the greatest common divisor of 112 and 2270224?
16
Calculate the highest common divisor of 198549123 and 219.
219
Calculate the highest common factor of 2822070 and 13680.
570
Calculate the highest common factor of 3512259 and 2382.
1191
What is the greatest common divisor of 2322 and 22434?
6
What is the highest common divisor of 1818 and 149033984?
202
Calculate the highest common divisor of 13520 and 7286435.
845
Calculate the highest common factor of 5225 and 3872825.
275
What is the highest common factor of 2091 and 220726657?
697
What is the greatest common divisor of 660720 and 9040?
80
What is the greatest common factor of 2105804041 and 33?
11
Calculate the greatest common divisor of 692965497 and 28287.
9429
Calculate the greatest common divisor of 415422422 and 5605.
1121
Calculate the highest common divisor of 32945319 and 66.
33
Calculate the highest common factor of 7446 and 2168976.
438
What is the greatest common factor of 1967265 and 75?
15
What is the greatest common divisor of 5160 and 125220?
60
What is the greatest common divisor of 9162 and 17874?
18
Calculate the highest common divisor of 166448 and 8528.
16
What is the greatest common factor of 149564 and 62408?
1076
What is the greatest common divisor of 3690456 and 192?
24
Calculate the greatest common factor of 5452986 and 18676.
406
Calculate the greatest common divisor of 323 and 23422345.
323
What is the highest common factor of 16248 and 1241993058?
4062
What is the highest common divisor of 66572 and 50665208?
3916
What is the greatest common factor of 4371364 and 38752?
692
What is the greatest common factor of 19977944 and 2296?
56
What is the greatest common divisor of 9928079 and 21?
7
Calculate the greatest common factor of 4577881 and 2079.
77
Calculate the greatest common factor of 913635 and 36.
9
What is the highest common factor of 15328 and 128683350?
958
Calculate the greatest common divisor of 1072 and 803866.
134
What is the highest common factor of 70517 and 17310756?
467
Calculate the highest common factor of 51 and 5998569.
51
Calculate the highest common divisor of 16 and 18802984.
8
Calculate the greatest common divisor of 30 and 327460890.
30
Calculate the greatest common divisor of 1352 and 7762001.
169
What is the greatest common divisor of 1776540 and 25404?
348
Calculate the highest common divisor of 9 and 29617602.
3
Calculate the greatest common divisor of 868 and 245956046.
434
What is the highest common factor of 434 and 2866030972?
434
What is the greatest common factor of 23122 and 9042?
22
Calculate the highest common divisor of 30150288 and 3150.
126
Calculate the highest common divisor of 1738 and 44107517.
79
Calculate the highest common factor of 2754 and 1398522.
102
Calculate the greatest common divisor of 5713158 and 24.
6
What is the highest common divisor of 425985 and 120?
15
Calculate the greatest common factor of 20894565 and 132135.
5745
What is the greatest common factor of 986 and 489124?
34
Calculate the highest common divisor of 59992387 and 889.
889
What is the highest common factor of 2790 and 701046?
18
What is the highest common divisor of 105569702 and 28?
14
What is the highest common divisor of 165204845 and 65?
65
What is the highest common divisor of 2367925 and 1568?
49
What is the highest common divisor of 29830 and 1986070?
190
What is the greatest common divisor of 53812691 and 4768?
149
Calculate the highest common factor of 20587 and 4366229.
119
Calculate the highest common factor of 654 and 6686714.
218
Calculate the greatest common factor of 69615 and 526344.
273
Calculate the greatest common factor of 2204467680 and 80.
80
Calculate the greatest common divisor of 59777640 and 795.
795
What is the highest common factor of 31652320 and 944?
944
What is the highest common factor of 460 and 1726288?
92
Calculate the greatest common factor of 11452947 and 33.
33
What is the greatest common divisor of 198 and 3978954?
18
Calculate the highest common divisor of 130399027 and 3127.
3127
What is the highest common factor of 240 and 21257040?
240
What is the greatest common divisor of 1102990553 and 609?
203
What is the greatest common factor of 666253 and 2891?
49
Calculate the greatest common divisor of 49058900 and 20240.
220
What is the greatest common factor of 27 and 239076657?
27
Calculate the highest common divisor of 220 and 169495.
5
What is the greatest common divisor of 183218760 and 10?
10
Calculate the greatest common factor of 5364214 and 170.
34
Calculate the highest common divisor of 178 and 262062191.
89
Calculate the greatest common factor of 92 and 28968362.
46
What is the highest common divisor of 199276606 and 97?
97
What is the highest common factor of 7 and 356447?
7
What is the highest common factor of 736 and 12894559?
23
Calculate the greatest common factor of 1785657 and 34077.
111
Calculate the highest common factor of 269785 and 47953.
79
What is the greatest common factor of 12964704 and 736?
32
Calculate the highest common factor of 2370509 and 9128.
163
Calculate the highest common divisor of 60477 and 6859.
19
Calculate the greatest common divisor of 3381135 and 45.
15
Calculate the highest common divisor of 103096845 and 180.
45
What is the greatest common divisor of 2194 and 471735231?
1097
What is the greatest common factor of 3302 and 30758?
26
What is the greatest common factor of 140094118 and 22182?
7394
What is the greatest common factor of 1395 and 258195?
15
What is the greatest common divisor of 560 and 2780120?
280
Calculate the highest common factor of 71388086 and 88.
22
What is the highest common factor of 3941700 and 559020?
420
What is the greatest common divisor of 516460 and 3905104?
3332
What is the highest common factor of 1235034 and 5292?
54
What is the greatest common divisor of 2526413 and 337549?
1487
Calculate the greatest common divisor of 179545 and 425365.
1205
What is the greatest common factor of 4729384 and 2676?
892
What is the greatest common divisor of 465788 and 244?
4
Calculate the highest common divisor of 7539659 and 3.
1
What is the highest common divisor of 2046 and 642?
6
What is the greatest common factor of 306 and 650409171?
51
Calculate the highest common factor of 1332 and 355337862.
222
What is the greatest common factor of 19 and 19812801?
19
Calculate the greatest common divisor of 1463 and 111929323.
209
What is the greatest common factor of 590039108 and